{"id":55,"date":"2022-01-12T17:27:36","date_gmt":"2022-01-12T16:27:36","guid":{"rendered":"http:\/\/berengb.cluster031.hosting.ovh.net\/?page_id=55"},"modified":"2026-09-02T16:12:10","modified_gmt":"2026-09-02T14:12:10","slug":"expertises","status":"publish","type":"page","link":"https:\/\/berengere-mariette.com\/index.php\/expertises\/","title":{"rendered":"Expertises"},"content":{"rendered":"\n<p class=\"wp-block-paragraph\"><br><\/p>\n\n\n\n<div class=\"wp-block-media-text alignwide is-stacked-on-mobile\" style=\"grid-template-columns:15% auto\"><figure class=\"wp-block-media-text__media\"><img loading=\"lazy\" decoding=\"async\" width=\"1004\" height=\"1024\" src=\"http:\/\/berengere-mariette.com\/wp-content\/uploads\/2026\/09\/BM-1004x1024.png\" alt=\"\" class=\"wp-image-621 size-full\" srcset=\"https:\/\/berengere-mariette.com\/wp-content\/uploads\/2026\/09\/BM-1004x1024.png 1004w, https:\/\/berengere-mariette.com\/wp-content\/uploads\/2026\/09\/BM-294x300.png 294w, https:\/\/berengere-mariette.com\/wp-content\/uploads\/2026\/09\/BM-768x783.png 768w, https:\/\/berengere-mariette.com\/wp-content\/uploads\/2026\/09\/BM-1506x1536.png 1506w, https:\/\/berengere-mariette.com\/wp-content\/uploads\/2026\/09\/BM-1568x1599.png 1568w, https:\/\/berengere-mariette.com\/wp-content\/uploads\/2026\/09\/BM.png 1610w\" sizes=\"auto, (max-width: 1004px) 100vw, 1004px\" \/><\/figure><div class=\"wp-block-media-text__content\">\n<p class=\"has-large-font-size wp-block-paragraph\">Directrice artistique dipl\u00f4m\u00e9e en design graphique, je cr\u00e9e des\u00a0<strong>identit\u00e9s visuelles<\/strong>,\u00a0<strong>images illustr\u00e9es<\/strong>\u00a0et <strong>concepts cr\u00e9atifs<\/strong>\u00a0depuis 20 ans.<br><br>BRANDING DESIGN &#8211; EVENEMENTIEL &#8211; INSTITUTIONNEL<\/p>\n<\/div><\/div>\n\n\n\n<h3 class=\"wp-block-heading\"><strong><span style=\"color:#e64748\" class=\"has-inline-color\">Conception &amp; strat\u00e9gie cr\u00e9ative<\/span><span style=\"color:#d4a103\" class=\"has-inline-color\"> <\/span><\/strong><\/h3>\n\n\n\n<p class=\"wp-block-paragraph\"><strong>Une vision strat\u00e9gique et cr\u00e9ative pour la<strong> conception de supports print et digitaux<\/strong><\/strong>. D\u00e9finition du positionnement cr\u00e9atif d&#8217;un projet de communication, pilotage de projet en autonomie ou en \u00e9quipe. Tr\u00e8s bonne culture image.<\/p>\n\n\n\n<hr class=\"wp-block-separator has-css-opacity\"\/>\n\n\n\n<h3 class=\"wp-block-heading\"><strong><span style=\"color:#e64748\" class=\"has-inline-color\">Production graphique <\/span><\/strong><\/h3>\n\n\n\n<p class=\"wp-block-paragraph\">R\u00e9alisation de logotypes et de chartes graphiques compl\u00e8tes, vision et d\u00e9ploiement sur tous supports : \u00e9dition, webdesign, animation, social media design, design d&#8217;espace, signal\u00e9tique, illustration.<\/p>\n\n\n\n<hr class=\"wp-block-separator has-css-opacity\"\/>\n\n\n\n<h3 class=\"wp-block-heading\"><strong><span style=\"color:#e64748\" class=\"has-inline-color\">Pilotage de projet<\/span><\/strong><\/h3>\n\n\n\n<p class=\"wp-block-paragraph\">Suivi du temps de production, relations fournisseurs et partenaires, pilotage de projet et pr\u00e9sentation, plannings de production.<\/p>\n\n\n\n<hr class=\"wp-block-separator has-css-opacity\"\/>\n\n\n\n<h3 class=\"wp-block-heading\"><strong><span style=\"color:#e64748\" class=\"has-inline-color\">P\u00e9dagogie cr\u00e9ative<\/span><\/strong><\/h3>\n\n\n\n<p class=\"wp-block-paragraph\">J&#8217;ai anim\u00e9 des ateliers cr\u00e9atifs dans diff\u00e9rentes structures, je suis tutrice d&#8217;alternants graphistes, et j&#8217;ai plaisir \u00e0 insuffler une \u00e9nergie cr\u00e9ative et partager mes expertises. <\/p>\n\n\n\n<hr class=\"wp-block-separator has-css-opacity\"\/>\n\n\n\n<p class=\"wp-block-paragraph\"><strong>Diff\u00e9rentes typologies de clients :<\/strong><br>Au sein de l&#8217;agence Hoi Anh : <em>Ville de Bordeaux, M\u00e9tropole de Bordeaux, Mus\u00e9e Fournaise de Chatou, Aviagroup industries, Laboratoire Pileje, F\u00e9d\u00e9ration des pharmaciens de France, Ville du V\u00e9sinet, Sepur, Sidompe, Alliance Paysage, &#8230;<\/em><br>Au sein de l&#8217;agence escapades : <em>Danone, Henkel, Minist\u00e8re des Affaires Etrang\u00e8res, PMU, Guerbet &#8230;<\/em><br>En tant que Free-lance : <em>Association France Victimes, agence de communication AdTatum, Le Mus\u00e9e Sauvage (Espace culturel Argenteuil), Facult\u00e9s Loyola Paris, association La rue fait son cinema, LaClef (Espace culturel Saint germain en Laye), Tangerine cr\u00e9ation, &#8230;<\/em><br>Chez l&#8217;annonceur : <em>Mise en place de la strat\u00e9gie cr\u00e9ative et de tout le d\u00e9ploiement pour L&#8217;ESBanque, la Ville de Vernouillet.<\/em><\/p>\n\n\n\n<figure class=\"wp-block-image size-large\"><img loading=\"lazy\" decoding=\"async\" width=\"1024\" height=\"526\" src=\"http:\/\/berengere-mariette.com\/wp-content\/uploads\/2026\/09\/matiere-copie-1024x526.png\" alt=\"\" class=\"wp-image-637\" srcset=\"https:\/\/berengere-mariette.com\/wp-content\/uploads\/2026\/09\/matiere-copie-1024x526.png 1024w, https:\/\/berengere-mariette.com\/wp-content\/uploads\/2026\/09\/matiere-copie-300x154.png 300w, https:\/\/berengere-mariette.com\/wp-content\/uploads\/2026\/09\/matiere-copie-768x394.png 768w, https:\/\/berengere-mariette.com\/wp-content\/uploads\/2026\/09\/matiere-copie-1536x789.png 1536w, https:\/\/berengere-mariette.com\/wp-content\/uploads\/2026\/09\/matiere-copie-1568x805.png 1568w, https:\/\/berengere-mariette.com\/wp-content\/uploads\/2026\/09\/matiere-copie.png 1984w\" sizes=\"auto, (max-width: 1024px) 100vw, 1024px\" \/><\/figure>\n","protected":false},"excerpt":{"rendered":"<p>Directrice artistique dipl\u00f4m\u00e9e en design graphique, je cr\u00e9e des\u00a0identit\u00e9s visuelles,\u00a0images illustr\u00e9es\u00a0et concepts cr\u00e9atifs\u00a0depuis 20 ans. BRANDING DESIGN &#8211; EVENEMENTIEL &#8211; INSTITUTIONNEL Conception &amp; strat\u00e9gie cr\u00e9ative Une vision strat\u00e9gique et cr\u00e9ative pour la conception de supports print et digitaux. D\u00e9finition du positionnement cr\u00e9atif d&#8217;un projet de communication, pilotage de projet en autonomie ou en \u00e9quipe. Tr\u00e8s&hellip; <a class=\"more-link\" href=\"https:\/\/berengere-mariette.com\/index.php\/expertises\/\">Continue reading <span class=\"screen-reader-text\">Expertises<\/span><\/a><\/p>\n","protected":false},"author":1,"featured_media":0,"parent":0,"menu_order":0,"comment_status":"closed","ping_status":"closed","template":"","meta":{"footnotes":""},"class_list":["post-55","page","type-page","status-publish","hentry","entry"],"_links":{"self":[{"href":"https:\/\/berengere-mariette.com\/index.php\/wp-json\/wp\/v2\/pages\/55","targetHints":{"allow":["GET"]}}],"collection":[{"href":"https:\/\/berengere-mariette.com\/index.php\/wp-json\/wp\/v2\/pages"}],"about":[{"href":"https:\/\/berengere-mariette.com\/index.php\/wp-json\/wp\/v2\/types\/page"}],"author":[{"embeddable":true,"href":"https:\/\/berengere-mariette.com\/index.php\/wp-json\/wp\/v2\/users\/1"}],"replies":[{"embeddable":true,"href":"https:\/\/berengere-mariette.com\/index.php\/wp-json\/wp\/v2\/comments?post=55"}],"version-history":[{"count":56,"href":"https:\/\/berengere-mariette.com\/index.php\/wp-json\/wp\/v2\/pages\/55\/revisions"}],"predecessor-version":[{"id":656,"href":"https:\/\/berengere-mariette.com\/index.php\/wp-json\/wp\/v2\/pages\/55\/revisions\/656"}],"wp:attachment":[{"href":"https:\/\/berengere-mariette.com\/index.php\/wp-json\/wp\/v2\/media?parent=55"}],"curies":[{"name":"wp","href":"https:\/\/api.w.org\/{rel}","templated":true}]}}

<p class="wp-block-paragraph"><br></p>



<div class="wp-block-media-text alignwide is-stacked-on-mobile" style="grid-template-columns:15% auto"><figure class="wp-block-media-text__media"><img loading="lazy" decoding="async" width="1004" height="1024" src="http://berengere-mariette.com/wp-content/uploads/2026/09/BM-1004x1024.png" alt="" class="wp-image-621 size-full" srcset="https://berengere-mariette.com/wp-content/uploads/2026/09/BM-1004x1024.png 1004w, https://berengere-mariette.com/wp-content/uploads/2026/09/BM-294x300.png 294w, https://berengere-mariette.com/wp-content/uploads/2026/09/BM-768x783.png 768w, https://berengere-mariette.com/wp-content/uploads/2026/09/BM-1506x1536.png 1506w, https://berengere-mariette.com/wp-content/uploads/2026/09/BM-1568x1599.png 1568w, https://berengere-mariette.com/wp-content/uploads/2026/09/BM.png 1610w" sizes="auto, (max-width: 1004px) 100vw, 1004px" /></figure><div class="wp-block-media-text__content">
<p class="has-large-font-size wp-block-paragraph">Directrice artistique diplômée en design graphique, je crée des <strong>identités visuelles</strong>, <strong>images illustrées</strong> et <strong>concepts créatifs</strong> depuis 20 ans.<br><br>BRANDING DESIGN &#8211; EVENEMENTIEL &#8211; INSTITUTIONNEL</p>
</div></div>



<h3 class="wp-block-heading"><strong><span style="color:#e64748" class="has-inline-color">Conception &amp; stratégie créative</span><span style="color:#d4a103" class="has-inline-color"> </span></strong></h3>



<p class="wp-block-paragraph"><strong>Une vision stratégique et créative pour la<strong> conception de supports print et digitaux</strong></strong>. Définition du positionnement créatif d&#8217;un projet de communication, pilotage de projet en autonomie ou en équipe. Très bonne culture image.</p>



<hr class="wp-block-separator has-css-opacity"/>



<h3 class="wp-block-heading"><strong><span style="color:#e64748" class="has-inline-color">Production graphique </span></strong></h3>



<p class="wp-block-paragraph">Réalisation de logotypes et de chartes graphiques complètes, vision et déploiement sur tous supports : édition, webdesign, animation, social media design, design d&#8217;espace, signalétique, illustration.</p>



<hr class="wp-block-separator has-css-opacity"/>



<h3 class="wp-block-heading"><strong><span style="color:#e64748" class="has-inline-color">Pilotage de projet</span></strong></h3>



<p class="wp-block-paragraph">Suivi du temps de production, relations fournisseurs et partenaires, pilotage de projet et présentation, plannings de production.</p>



<hr class="wp-block-separator has-css-opacity"/>



<h3 class="wp-block-heading"><strong><span style="color:#e64748" class="has-inline-color">Pédagogie créative</span></strong></h3>



<p class="wp-block-paragraph">J&#8217;ai animé des ateliers créatifs dans différentes structures, je suis tutrice d&#8217;alternants graphistes, et j&#8217;ai plaisir à insuffler une énergie créative et partager mes expertises. </p>



<hr class="wp-block-separator has-css-opacity"/>



<p class="wp-block-paragraph"><strong>Différentes typologies de clients :</strong><br>Au sein de l&#8217;agence Hoi Anh : <em>Ville de Bordeaux, Métropole de Bordeaux, Musée Fournaise de Chatou, Aviagroup industries, Laboratoire Pileje, Fédération des pharmaciens de France, Ville du Vésinet, Sepur, Sidompe, Alliance Paysage, &#8230;</em><br>Au sein de l&#8217;agence escapades : <em>Danone, Henkel, Ministère des Affaires Etrangères, PMU, Guerbet &#8230;</em><br>En tant que Free-lance : <em>Association France Victimes, agence de communication AdTatum, Le Musée Sauvage (Espace culturel Argenteuil), Facultés Loyola Paris, association La rue fait son cinema, LaClef (Espace culturel Saint germain en Laye), Tangerine création, &#8230;</em><br>Chez l&#8217;annonceur : <em>Mise en place de la stratégie créative et de tout le déploiement pour L&#8217;ESBanque, la Ville de Vernouillet.</em></p>



<figure class="wp-block-image size-large"><img loading="lazy" decoding="async" width="1024" height="526" src="http://berengere-mariette.com/wp-content/uploads/2026/09/matiere-copie-1024x526.png" alt="" class="wp-image-637" srcset="https://berengere-mariette.com/wp-content/uploads/2026/09/matiere-copie-1024x526.png 1024w, https://berengere-mariette.com/wp-content/uploads/2026/09/matiere-copie-300x154.png 300w, https://berengere-mariette.com/wp-content/uploads/2026/09/matiere-copie-768x394.png 768w, https://berengere-mariette.com/wp-content/uploads/2026/09/matiere-copie-1536x789.png 1536w, https://berengere-mariette.com/wp-content/uploads/2026/09/matiere-copie-1568x805.png 1568w, https://berengere-mariette.com/wp-content/uploads/2026/09/matiere-copie.png 1984w" sizes="auto, (max-width: 1024px) 100vw, 1024px" /></figure>

<p>Directrice artistique diplômée en design graphique, je crée des identités visuelles, images illustrées et concepts créatifs depuis 20 ans. BRANDING DESIGN &#8211; EVENEMENTIEL &#8211; INSTITUTIONNEL Conception &amp; stratégie créative Une vision stratégique et créative pour la conception de supports print et digitaux. Définition du positionnement créatif d&#8217;un projet de communication, pilotage de projet en autonomie ou en équipe. Très&hellip; <a class="more-link" href="https://berengere-mariette.com/index.php/expertises/">Continue reading <span class="screen-reader-text">Expertises</span></a></p>
